{"id":2,"date":"2015-08-21T18:34:16","date_gmt":"2015-08-21T18:34:16","guid":{"rendered":"http:\/\/biston.edu.uy\/?page_id=2"},"modified":"2025-10-27T11:24:48","modified_gmt":"2025-10-27T14:24:48","slug":"sample-page","status":"publish","type":"page","link":"https:\/\/biston.edu.uy\/index.php\/sample-page\/","title":{"rendered":"Origen del nombre Biston"},"content":{"rendered":"<p>Con el advenimiento de la Revoluci\u00f3n Industrial, especialmente en Inglaterra, la atm\u00f3sfera se llen\u00f3 cada vez m\u00e1s de polvo de carb\u00f3n, el principal combustible usado para las m\u00e1quinas de la \u00e9poca.<\/p>\n<p>En consecuencia, en las regiones industriales se oscurecieron las cortezas de los \u00e1rboles, con lo cual las mariposas <span style=\"color: #333399;\"><strong>Biston Betularia<\/strong> <\/span>que se posaban sobre sus superficies y lograban hasta entonces camuflarse empezaron a quedar visibles, a merced de los depredadores.<\/p>\n<p>Ante esa situaci\u00f3n estas mariposas no sucumbieron, por el contrario <span style=\"color: #333399;\"><strong>lograron sobrevivir adapt\u00e1ndose al cambio<\/strong><\/span>: mimetiz\u00e1ndose nuevamente para pasar de un color claro original a un color oscuro.<\/p>\n<p>Este fen\u00f3meno se conoce como <span style=\"color: #333399;\"><strong>melanismo industrial.<\/strong><\/span><\/p>\n<p><a href=\"http:\/\/biston.edu.uy\/wp-content\/uploads\/2015\/08\/biston.jpg\"><img loading=\"lazy\" decoding=\"async\" class=\"size-full wp-image-13 aligncenter\" src=\"http:\/\/biston.edu.uy\/wp-content\/uploads\/2015\/08\/biston.jpg\" alt=\"biston\" width=\"413\" height=\"215\" srcset=\"https:\/\/biston.edu.uy\/wp-content\/uploads\/2015\/08\/biston.jpg 413w, https:\/\/biston.edu.uy\/wp-content\/uploads\/2015\/08\/biston-300x156.jpg 300w\" sizes=\"auto, (max-width: 413px) 100vw, 413px\" \/><\/a><\/p>\n<p>De all\u00ed nuestra instituci\u00f3n adopta un nombre que la identifica en sus objetivos y formas de trabajo: <span style=\"color: #333399;\"><strong>adaptaci\u00f3n para cumplir con las expectativas <\/strong><strong>de quienes conf\u00edan en nosotros<\/strong><\/span>, sobre una base de seriedad, honestidad y profesionalismo.<\/p>\n<p>&nbsp;<\/p>\n<p>&nbsp;<\/p>\n<p class=\"Estilo1\">\n","protected":false},"excerpt":{"rendered":"<p>Con el advenimiento de la Revoluci\u00f3n Industrial, especialmente en Inglaterra, la atm\u00f3sfera se llen\u00f3 cada vez m\u00e1s de polvo de carb\u00f3n, el principal combustible usado para las m\u00e1quinas de la \u00e9poca. En consecuencia, en las regiones industriales se oscurecieron las cortezas de los \u00e1rboles, con lo cual las mariposas Biston Betularia que se posaban sobre&hellip;<\/p>\n","protected":false},"author":1,"featured_media":0,"parent":0,"menu_order":0,"comment_status":"open","ping_status":"open","template":"","meta":{"footnotes":""},"class_list":["post-2","page","type-page","status-publish","hentry","entry","no-media"],"aioseo_notices":[],"_links":{"self":[{"href":"https:\/\/biston.edu.uy\/index.php\/wp-json\/wp\/v2\/pages\/2","targetHints":{"allow":["GET"]}}],"collection":[{"href":"https:\/\/biston.edu.uy\/index.php\/wp-json\/wp\/v2\/pages"}],"about":[{"href":"https:\/\/biston.edu.uy\/index.php\/wp-json\/wp\/v2\/types\/page"}],"author":[{"embeddable":true,"href":"https:\/\/biston.edu.uy\/index.php\/wp-json\/wp\/v2\/users\/1"}],"replies":[{"embeddable":true,"href":"https:\/\/biston.edu.uy\/index.php\/wp-json\/wp\/v2\/comments?post=2"}],"version-history":[{"count":9,"href":"https:\/\/biston.edu.uy\/index.php\/wp-json\/wp\/v2\/pages\/2\/revisions"}],"predecessor-version":[{"id":5860,"href":"https:\/\/biston.edu.uy\/index.php\/wp-json\/wp\/v2\/pages\/2\/revisions\/5860"}],"wp:attachment":[{"href":"https:\/\/biston.edu.uy\/index.php\/wp-json\/wp\/v2\/media?parent=2"}],"curies":[{"name":"wp","href":"https:\/\/api.w.org\/{rel}","templated":true}]}}