{"id":407,"date":"2020-10-19T15:38:04","date_gmt":"2020-10-19T18:38:04","guid":{"rendered":"https:\/\/biston.edu.uy\/?page_id=407"},"modified":"2024-10-22T13:45:37","modified_gmt":"2024-10-22T16:45:37","slug":"in-company-a-medida-para-empresas","status":"publish","type":"page","link":"https:\/\/biston.edu.uy\/index.php\/in-company-a-medida-para-empresas\/","title":{"rendered":"Cursos \u201cin Company\u201d a medida para empresas"},"content":{"rendered":"<div class=\"wpb-content-wrapper\">[vc_row][vc_column width=\u00bb3\/4&#8243;][vc_column_text css=\u00bb\u00bb]<span style=\"font-size: 16px;\">Organizamos capacitaciones <strong>a medida para empresas<\/strong>, las cuales se pueden impartir en diversos equipos y \u00e1reas.<\/span><\/p>\n<p><span style=\"font-size: 16px;\"><strong>En todos los casos <\/strong>inician con una introducci\u00f3n con informaci\u00f3n sobre normativa para Prevenci\u00f3n de Riesgos Laborales, aspectos operativos y de mantenimiento preventivo para luego proseguir con tareas de revisi\u00f3n del equipo y ejecuci\u00f3n de tareas propias seg\u00fan tipo de maquinaria.<\/span><\/p>\n<p><span style=\"font-size: 16px;\">Las capacitaciones<strong> se pueden organizar para diversas m\u00e1quinas,<\/strong> a saber: Palas cargadoras, Excavadoras sobre oruga o neum\u00e1ticos; Hidrogr\u00faas sobre cami\u00f3n; Miniexcavadoras y Minicargadores; Manipuladores Telesc\u00f3picos; Plataformas Elevadoras; Autoelevadores, entre otras.<\/span>[\/vc_column_text]<div class=\"vcex-spacing wpex-w-100 wpex-clear\" style=\"height:30px;\"><\/div><a href=\"https:\/\/biston.edu.uy\/index.php\/contacto\/\" class=\"vcex-button theme-button align-left inline\" aria-label=\"NECESITO M\u00c1S INFORMACI\u00d3N\"><span class=\"vcex-button-inner theme-button-inner\">NECESITO M\u00c1S INFORMACI\u00d3N<span class=\"vcex-button-icon vcex-icon-wrap theme-button-icon-right\"><span class=\"ticon ticon-chevron-circle-right\" aria-hidden=\"true\"><\/span><\/span><\/span><\/a> [\/vc_column][vc_column width=\u00bb1\/4&#8243;][vc_single_image image=\u00bb3565&#8243; css=\u00bb\u00bb][\/vc_column][\/vc_row]\n<\/div>","protected":false},"excerpt":{"rendered":"<p>[vc_row][vc_column width=\u00bb3\/4&#8243;][vc_column_text css=\u00bb\u00bb]Organizamos capacitaciones a medida para empresas, las cuales se pueden impartir en diversos equipos y \u00e1reas. En todos los casos inician con una introducci\u00f3n con informaci\u00f3n sobre normativa para Prevenci\u00f3n de Riesgos Laborales, aspectos operativos y de mantenimiento preventivo para luego proseguir con tareas de revisi\u00f3n del equipo y ejecuci\u00f3n de tareas propias&hellip;<\/p>\n","protected":false},"author":1,"featured_media":0,"parent":0,"menu_order":0,"comment_status":"closed","ping_status":"closed","template":"","meta":{"footnotes":""},"class_list":["post-407","page","type-page","status-publish","hentry","entry","no-media"],"aioseo_notices":[],"_links":{"self":[{"href":"https:\/\/biston.edu.uy\/index.php\/wp-json\/wp\/v2\/pages\/407","targetHints":{"allow":["GET"]}}],"collection":[{"href":"https:\/\/biston.edu.uy\/index.php\/wp-json\/wp\/v2\/pages"}],"about":[{"href":"https:\/\/biston.edu.uy\/index.php\/wp-json\/wp\/v2\/types\/page"}],"author":[{"embeddable":true,"href":"https:\/\/biston.edu.uy\/index.php\/wp-json\/wp\/v2\/users\/1"}],"replies":[{"embeddable":true,"href":"https:\/\/biston.edu.uy\/index.php\/wp-json\/wp\/v2\/comments?post=407"}],"version-history":[{"count":15,"href":"https:\/\/biston.edu.uy\/index.php\/wp-json\/wp\/v2\/pages\/407\/revisions"}],"predecessor-version":[{"id":3716,"href":"https:\/\/biston.edu.uy\/index.php\/wp-json\/wp\/v2\/pages\/407\/revisions\/3716"}],"wp:attachment":[{"href":"https:\/\/biston.edu.uy\/index.php\/wp-json\/wp\/v2\/media?parent=407"}],"curies":[{"name":"wp","href":"https:\/\/api.w.org\/{rel}","templated":true}]}}