{"id":3796,"date":"2021-11-09T10:38:46","date_gmt":"2021-11-09T13:38:46","guid":{"rendered":"https:\/\/biston.edu.uy\/?post_type=product&#038;p=3796"},"modified":"2026-03-22T20:02:19","modified_gmt":"2026-03-22T23:02:19","slug":"operacion-de-plataformas-elevadoras-pemp-a-solicitud-de-empresas","status":"publish","type":"product","link":"https:\/\/biston.edu.uy\/index.php\/producto\/operacion-de-plataformas-elevadoras-pemp-a-solicitud-de-empresas\/","title":{"rendered":"Curso Operaci\u00f3n de Plataformas Elevadoras PEMP Articuladas y Tijera (a solicitud de empresas)"},"content":{"rendered":"","protected":false},"excerpt":{"rendered":"<p style=\"text-align: center;\"><span style=\"font-size: 18px;\">1)<\/span> <span style=\"text-decoration: underline;\"><span style=\"font-size: 18px;\">Presentaci\u00f3n institucional<\/span><\/span><\/p>\n<p><span style=\"font-size: 16px;\"><span style=\"color: #333399;\"><strong>Biston Uruguay<\/strong><\/span> imparte capacitaciones para <span style=\"text-decoration: underline;\"><span style=\"color: #333399; text-decoration: underline;\"><strong>empresas, instituciones p\u00fablicas y particulares<\/strong><\/span><\/span>\u00a0desde el <span style=\"color: #333399;\"><strong>a\u00f1o 2012<\/strong><\/span>.<\/span><\/p>\n<p><span style=\"font-size: 16px;\">Contamos con Registro en el\u00a0<span style=\"color: #333399;\"><strong>Ministerio de Educaci\u00f3n y Cultura<\/strong><\/span>\u00a0(con exoneraci\u00f3n vigente) as\u00ed como en el\u00a0<span style=\"color: #333399;\"><strong>INEFOP<\/strong><\/span>\u00a0(Eca 197)<\/span><\/p>\n<p><span style=\"font-size: 16px;\">Por m\u00e1s informaci\u00f3n sobre capacitaciones impartidas se puede ingresar al link: <span style=\"color: #333399;\"><strong><a style=\"color: #333399;\" href=\"https:\/\/biston.edu.uy\/index.php\/instituciones-y-empresas-que-confian-en-nosotros\/\">Instituciones y empresas que conf\u00edan en nosotros<\/a>.<\/strong><\/span><\/span><\/p>\n<p style=\"text-align: center;\"><span style=\"font-size: 18px;\">2) <span style=\"text-decoration: underline;\">Curso Operaci\u00f3n de Plataformas Elevadoras:<\/span><\/span><\/p>\n<p><a href=\"https:\/\/biston.edu.uy\/wp-content\/uploads\/2021\/11\/Ingener-web-1.jpg\"><img loading=\"lazy\" decoding=\"async\" class=\"wp-image-5325 aligncenter\" src=\"https:\/\/biston.edu.uy\/wp-content\/uploads\/2021\/11\/Ingener-web-1.jpg\" alt=\"\" width=\"342\" height=\"181\" srcset=\"https:\/\/biston.edu.uy\/wp-content\/uploads\/2021\/11\/Ingener-web-1.jpg 1152w, https:\/\/biston.edu.uy\/wp-content\/uploads\/2021\/11\/Ingener-web-1-300x159.jpg 300w, https:\/\/biston.edu.uy\/wp-content\/uploads\/2021\/11\/Ingener-web-1-1024x541.jpg 1024w, https:\/\/biston.edu.uy\/wp-content\/uploads\/2021\/11\/Ingener-web-1-768x406.jpg 768w, https:\/\/biston.edu.uy\/wp-content\/uploads\/2021\/11\/Ingener-web-1-600x317.jpg 600w\" sizes=\"auto, (max-width: 342px) 100vw, 342px\" \/><\/a><\/p>\n<p><span style=\"font-size: 16px;\">Las capacitaciones se organizan para <span style=\"color: #333399;\"><strong>empresas<\/strong><\/span>, e incluyen los siguientes contenidos:<\/span><\/p>\n<p style=\"text-align: center;\"><span style=\"color: #333399; font-size: 16px;\"><strong>a) <span style=\"text-decoration: underline;\">M\u00f3dulo de Teor\u00eda:<\/span><\/strong><\/span><\/p>\n<ul>\n<li><span style=\"font-size: 16px;\">Definici\u00f3n de PEMPS. Diferentes tipos. Componentes. Operaci\u00f3n segura del equipo: aspectos a tener en cuenta. Diversos usos Accesorios.<\/span><\/li>\n<\/ul>\n<ul>\n<li><span style=\"font-size: 16px;\">Mantenimiento diario y preventivo. Aspectos que involucran.<\/span><\/li>\n<\/ul>\n<ul>\n<li><span style=\"font-size: 16px;\">Comprobaci\u00f3n de funciones. Importancia de la inspecci\u00f3n del lugar de trabajo. Pautas de funcionamiento y transporte. Pictogramas. Especificaciones.<\/span><\/li>\n<\/ul>\n<ul>\n<li><span style=\"font-size: 16px;\">Precauciones durante la operaci\u00f3n del equipo: aspectos a tener en cuenta en maniobras de avance, retroceso, extensi\u00f3n del brazo, izaje y descenso; estacionamiento.<\/span><\/li>\n<\/ul>\n<ul>\n<li><span style=\"font-size: 16px;\">Utilizaci\u00f3n correcta de elementos de protecci\u00f3n personal y arn\u00e9s.<\/span><\/li>\n<\/ul>\n<ul>\n<li><span style=\"font-size: 16px;\">Decreto 125\/14: art\u00edculos de la normativa vinculados a operaci\u00f3n, mantenimiento y Prevenci\u00f3n de Riesgos Laborales.<\/span><\/li>\n<\/ul>\n<p style=\"text-align: center;\"><span style=\"color: #333399; font-size: 16px;\"><strong>b) <span style=\"text-decoration: underline;\">M\u00f3dulo de pr\u00e1ctica:<\/span> <\/strong><\/span><\/p>\n<p><a href=\"https:\/\/biston.edu.uy\/wp-content\/uploads\/2021\/11\/Render-tijera-1.jpg\"><img loading=\"lazy\" decoding=\"async\" class=\" wp-image-4966 aligncenter\" src=\"https:\/\/biston.edu.uy\/wp-content\/uploads\/2021\/11\/Render-tijera-1.jpg\" alt=\"\" width=\"398\" height=\"199\" srcset=\"https:\/\/biston.edu.uy\/wp-content\/uploads\/2021\/11\/Render-tijera-1.jpg 942w, https:\/\/biston.edu.uy\/wp-content\/uploads\/2021\/11\/Render-tijera-1-300x150.jpg 300w, https:\/\/biston.edu.uy\/wp-content\/uploads\/2021\/11\/Render-tijera-1-768x384.jpg 768w, https:\/\/biston.edu.uy\/wp-content\/uploads\/2021\/11\/Render-tijera-1-600x300.jpg 600w\" sizes=\"auto, (max-width: 398px) 100vw, 398px\" \/><\/a><\/p>\n<ul>\n<li><span style=\"font-size: 16px;\">Revisi\u00f3n del equipo previo al inicio de las tareas. Ejecuci\u00f3n de ascensos, circulaci\u00f3n y descensos en diversas situaciones &#8211; incluyendo \u00e1reas reducidas &#8211; cumpliendo las normas de seguridad correspondientes.<\/span><\/li>\n<\/ul>\n<p style=\"text-align: center;\"><span style=\"font-size: 18px;\">3) <span style=\"text-decoration: underline;\">Algunas capacitaciones impartidas:<\/span><\/span><\/p>\n<figure id=\"attachment_3866\" aria-describedby=\"caption-attachment-3866\" style=\"width: 296px\" class=\"wp-caption aligncenter\"><a href=\"https:\/\/biston.edu.uy\/wp-content\/uploads\/2021\/11\/Foto-23.jpg\"><img loading=\"lazy\" decoding=\"async\" class=\"wp-image-3866\" src=\"https:\/\/biston.edu.uy\/wp-content\/uploads\/2021\/11\/Foto-23.jpg\" alt=\"\" width=\"296\" height=\"222\" srcset=\"https:\/\/biston.edu.uy\/wp-content\/uploads\/2021\/11\/Foto-23.jpg 478w, https:\/\/biston.edu.uy\/wp-content\/uploads\/2021\/11\/Foto-23-300x225.jpg 300w\" sizes=\"auto, (max-width: 296px) 100vw, 296px\" \/><\/a><figcaption id=\"caption-attachment-3866\" class=\"wp-caption-text\"><span style=\"color: #333399; font-size: 13px;\"><strong>PANTANAL CARTELER\u00cdA\u00a0<\/strong><\/span><\/figcaption><\/figure>\n<figure id=\"attachment_4962\" aria-describedby=\"caption-attachment-4962\" style=\"width: 300px\" class=\"wp-caption aligncenter\"><a href=\"https:\/\/biston.edu.uy\/wp-content\/uploads\/2021\/11\/Foto-2-7.jpg\"><img loading=\"lazy\" decoding=\"async\" class=\"wp-image-4962\" src=\"https:\/\/biston.edu.uy\/wp-content\/uploads\/2021\/11\/Foto-2-7.jpg\" alt=\"\" width=\"300\" height=\"225\" srcset=\"https:\/\/biston.edu.uy\/wp-content\/uploads\/2021\/11\/Foto-2-7.jpg 942w, https:\/\/biston.edu.uy\/wp-content\/uploads\/2021\/11\/Foto-2-7-300x225.jpg 300w, https:\/\/biston.edu.uy\/wp-content\/uploads\/2021\/11\/Foto-2-7-768x576.jpg 768w, https:\/\/biston.edu.uy\/wp-content\/uploads\/2021\/11\/Foto-2-7-600x450.jpg 600w\" sizes=\"auto, (max-width: 300px) 100vw, 300px\" \/><\/a><figcaption id=\"caption-attachment-4962\" class=\"wp-caption-text\"><span style=\"color: #333399; font-size: 13px;\"><strong>SERVICIO TUTELA SOCIAL FFAA\u00a0<\/strong><\/span><\/figcaption><\/figure>\n<figure id=\"attachment_5326\" aria-describedby=\"caption-attachment-5326\" style=\"width: 302px\" class=\"wp-caption aligncenter\"><a href=\"https:\/\/biston.edu.uy\/wp-content\/uploads\/2021\/11\/Ingener-2.jpg\"><img loading=\"lazy\" decoding=\"async\" class=\"wp-image-5326\" src=\"https:\/\/biston.edu.uy\/wp-content\/uploads\/2021\/11\/Ingener-2.jpg\" alt=\"\" width=\"302\" height=\"227\" srcset=\"https:\/\/biston.edu.uy\/wp-content\/uploads\/2021\/11\/Ingener-2.jpg 727w, https:\/\/biston.edu.uy\/wp-content\/uploads\/2021\/11\/Ingener-2-300x225.jpg 300w, https:\/\/biston.edu.uy\/wp-content\/uploads\/2021\/11\/Ingener-2-600x451.jpg 600w\" sizes=\"auto, (max-width: 302px) 100vw, 302px\" \/><\/a><figcaption id=\"caption-attachment-5326\" class=\"wp-caption-text\"><span style=\"font-size: 13px; color: #333399;\"><strong>INGENER<\/strong><\/span><\/figcaption><\/figure>\n<figure id=\"attachment_5900\" aria-describedby=\"caption-attachment-5900\" style=\"width: 300px\" class=\"wp-caption aligncenter\"><a href=\"https:\/\/biston.edu.uy\/wp-content\/uploads\/2021\/11\/Cibeles-2.png\"><img loading=\"lazy\" decoding=\"async\" class=\"wp-image-5900\" src=\"https:\/\/biston.edu.uy\/wp-content\/uploads\/2021\/11\/Cibeles-2.png\" alt=\"\" width=\"300\" height=\"225\" srcset=\"https:\/\/biston.edu.uy\/wp-content\/uploads\/2021\/11\/Cibeles-2.png 984w, https:\/\/biston.edu.uy\/wp-content\/uploads\/2021\/11\/Cibeles-2-300x225.png 300w, https:\/\/biston.edu.uy\/wp-content\/uploads\/2021\/11\/Cibeles-2-768x576.png 768w, https:\/\/biston.edu.uy\/wp-content\/uploads\/2021\/11\/Cibeles-2-600x450.png 600w\" sizes=\"auto, (max-width: 300px) 100vw, 300px\" \/><\/a><figcaption id=\"caption-attachment-5900\" class=\"wp-caption-text\"><span style=\"color: #333399; font-size: 13px;\"><strong>CIBELES<\/strong><\/span><\/figcaption><\/figure>\n<figure id=\"attachment_6329\" aria-describedby=\"caption-attachment-6329\" style=\"width: 298px\" class=\"wp-caption aligncenter\"><a href=\"https:\/\/biston.edu.uy\/wp-content\/uploads\/2021\/11\/Antel-5.png\"><img loading=\"lazy\" decoding=\"async\" class=\"wp-image-6329\" src=\"https:\/\/biston.edu.uy\/wp-content\/uploads\/2021\/11\/Antel-5.png\" alt=\"\" width=\"298\" height=\"224\" srcset=\"https:\/\/biston.edu.uy\/wp-content\/uploads\/2021\/11\/Antel-5.png 1155w, https:\/\/biston.edu.uy\/wp-content\/uploads\/2021\/11\/Antel-5-300x225.png 300w, https:\/\/biston.edu.uy\/wp-content\/uploads\/2021\/11\/Antel-5-1024x768.png 1024w, https:\/\/biston.edu.uy\/wp-content\/uploads\/2021\/11\/Antel-5-768x576.png 768w, https:\/\/biston.edu.uy\/wp-content\/uploads\/2021\/11\/Antel-5-600x450.png 600w\" sizes=\"auto, (max-width: 298px) 100vw, 298px\" \/><\/a><figcaption id=\"caption-attachment-6329\" class=\"wp-caption-text\"><span style=\"color: #333399; font-size: 13px;\"><strong>ANTEL<\/strong><\/span><\/figcaption><\/figure>\n<p><span style=\"font-size: 16px;\">Por consultas contactarse al <span style=\"text-decoration: underline;\"><span style=\"color: #333399;\"><strong>091477309<\/strong><\/span><\/span><\/span><\/p>\n<p>&nbsp;<\/p>\n<ul>\n<li style=\"list-style-type: none;\"><\/li>\n<\/ul>\n<p>&nbsp;<\/p>\n<p>&nbsp;<\/p>\n","protected":false},"featured_media":5324,"comment_status":"closed","ping_status":"closed","template":"","meta":[],"product_brand":[],"product_cat":[21,20],"product_tag":[],"class_list":{"0":"post-3796","1":"product","2":"type-product","3":"status-publish","4":"has-post-thumbnail","6":"product_cat-a-solicitud-de-empresas","7":"product_cat-cursos","8":"entry","9":"has-media","11":"first","12":"instock","13":"shipping-taxable","14":"product-type-simple"},"aioseo_notices":[],"_links":{"self":[{"href":"https:\/\/biston.edu.uy\/index.php\/wp-json\/wp\/v2\/product\/3796","targetHints":{"allow":["GET"]}}],"collection":[{"href":"https:\/\/biston.edu.uy\/index.php\/wp-json\/wp\/v2\/product"}],"about":[{"href":"https:\/\/biston.edu.uy\/index.php\/wp-json\/wp\/v2\/types\/product"}],"replies":[{"embeddable":true,"href":"https:\/\/biston.edu.uy\/index.php\/wp-json\/wp\/v2\/comments?post=3796"}],"wp:featuredmedia":[{"embeddable":true,"href":"https:\/\/biston.edu.uy\/index.php\/wp-json\/wp\/v2\/media\/5324"}],"wp:attachment":[{"href":"https:\/\/biston.edu.uy\/index.php\/wp-json\/wp\/v2\/media?parent=3796"}],"wp:term":[{"taxonomy":"product_brand","embeddable":true,"href":"https:\/\/biston.edu.uy\/index.php\/wp-json\/wp\/v2\/product_brand?post=3796"},{"taxonomy":"product_cat","embeddable":true,"href":"https:\/\/biston.edu.uy\/index.php\/wp-json\/wp\/v2\/product_cat?post=3796"},{"taxonomy":"product_tag","embeddable":true,"href":"https:\/\/biston.edu.uy\/index.php\/wp-json\/wp\/v2\/product_tag?post=3796"}],"curies":[{"name":"wp","href":"https:\/\/api.w.org\/{rel}","templated":true}]}}